e 228943917?
False
Is 16 a factor of 9189904?
True
Is 160 a factor of 5261120?
True
Is 114516 a multiple of 4?
True
Does 5482 divide 2346816790?
True
Does 27 divide 443518631?
False
Is 12 a factor of 113714172?
True
Does 3042 divide 485189550?
False
Is 168493722 a multiple of 47?
False
Does 3 divide 181498551?
True
Is 983385700 a multiple of 470?
True
Is 14338860 a multiple of 616?
False
Is 4569196 a multiple of 19?
True
Does 6766 divide 478951608?
True
Is 384 a factor of 60358656?
True
Does 893 divide 95212120?
False
Is 3087 a factor of 936108054?
True
Is 769402420 even?
True
Is 126496986 a multiple of 86?
False
Does 17 divide 137103844?
True
Does 5331 divide 1499567749?
False
Does 27 divide 61537185?
True
Is 30311988 a multiple of 6?
True
Does 1633 divide 46668295?
False
Does 2820 divide 128800680?
True
Is 431 a factor of 74146147?
False
Is 279 a factor of 3844899?
True
Is 691 a factor of 387591574?
True
Is 30749976 a multiple of 12?
True
Is 392188690 a multiple of 1010?
False
Does 39 divide 75536513?
False
Is 276432156 a multiple of 84?
True
Does 122 divide 2565581798?
True
Is 9341888 a multiple of 32?
True
Is 39690825 a multiple of 716?
False
Does 145 divide 29516200?
True
Does 1196 divide 451462492?
True
Is 23 a factor of 360979611?
False
Is 106337502 a multiple of 837?
True
Is 3451 a factor of 4444267?
False
Does 30 divide 3368411070?
True
Does 301 divide 2478968275?
True
Is 163124750 a multiple of 78?
False
Does 1785 divide 54795930?
True
Does 2839 divide 4330735516?
True
Is 353 a factor of 67562788?
True
Is 1891885216 a multiple of 12571?
True
Does 76 divide 41861560?
True
Is 62492001 a multiple of 341?
True
Does 79 divide 263844042?
True
Is 2920899073 a multiple of 324?
False
Is 3955915 a multiple of 9?
False
Does 1906 divide 1326164304?
True
Does 1710 divide 593989020?
True
Does 10 divide 94553439?
False
Is 28208304 a multiple of 4509?
True
Is 123231080 a multiple of 392?
True
Is 1154 a factor of 273949214?
True
Is 790 a factor of 827842952?
False
Is 10 a factor of 170287977?
False
Is 90588249 a multiple of 5?
False
Is 14341581 a multiple of 79?
True
Is 6 a factor of 11266224?
True
Does 1198 divide 410857205?
False
Is 1344373311 a multiple of 527?
True
Does 9 divide 17241616?
False
Does 94 divide 167577184?
True
Is 560520405 a multiple of 6399?
True
Is 670 a factor of 6689280?
True
Is 748 a factor of 382008603?
False
Is 7 a factor of 889798?
True
Does 1068 divide 220731166?
False
Does 10 divide 15189748?
False
Is 111016502 a multiple of 37?
True
Is 37967425 a multiple of 545?
True
Is 3097548 a multiple of 46?
True
Is 684 a factor of 97656953?
False
Does 17 divide 82396113?
False
Is 248 a factor of 55850128?
False
Does 3007 divide 225876819?
True
Is 335 a factor of 164291932?
False
Is 5 a factor of 11006065?
True
Does 228 divide 771548882?
False
Does 3312 divide 374296519?
False
Does 45 divide 273802560?
False
Does 1516 divide 78891124?
True
Does 3 divide 9351828?
True
Is 280675259 a multiple of 469?
False
Does 52 divide 126896068?
True
Does 24 divide 18743952?
True
Is 265863652 a multiple of 6?
False
Is 68849478 a multiple of 9?
True
Is 330222744 a multiple of 81?
True
Is 1188437910 a multiple of 55?
True
Is 38 a factor of 2575189?
False
Is 58535912 a multiple of 52?
False
Does 1257 divide 395392054?
False
Is 1565463435 a multiple of 370?
False
Is 1292 a factor of 3150653112?
True
Does 11 divide 70333446?
False
Is 14954565 a multiple of 9?
False
Is 270121392 a multiple of 1028?
True
Does 41 divide 77913243?
True
Is 217 a factor of 14923741?
True
Does 6 divide 63955668?
True
Is 46650684 a multiple of 19?
False
Is 16 a factor of 21640801?
False
Is 15 a factor of 7648172?
False
Is 42030146 a multiple of 1931?
True
Is 72 a factor of 139041576?
True
Is 99 a factor of 116115245?
False
Is 54 a factor of 474859422?
True
Is 1381 a factor of 1663722735?
False
Is 14518711 a multiple of 2?
False
Is 34 a factor of 798655188?
False
Does 545 divide 35107848?
False
Is 12 a factor of 376566820?
False
Is 4364444 a multiple of 346?
True
Does 461 divide 2924684959?
True
Is 187210583 a multiple of 829?
True
Is 149763863 a multiple of 2?
False
Does 40 divide 33380660?
False
Does 227 divide 9836141?
False
Does 25 divide 112744925?
True
Is 1499396929 a multiple of 23?
False
Is 235 a factor of 2210393451?
False
Is 15 a factor of 58715370?
True
Is 16 a factor of 64407565?
False
Is 594 a factor of 514089774?
True
Does 1354 divide 77288059?
False
Is 10100 a factor of 1219853698?
False
Does 1590 divide 155660752?
False
Does 7200 divide 4743324000?
True
Does 9 divide 43471044?
True
Is 163 a factor of 26998831?
True
Is 401412876 a multiple of 3164?
False
Is 198 a factor of 2917728?
True
Does 927 divide 732226176?
True
Is 7 a factor of 2563229?
False
Is 709 a factor of 151060249?
True
Is 35 a factor of 68897745?
True
Is 4588590 a multiple of 5?
True
Is 10258736 a multiple of 140?
False
Does 405 divide 747250515?
True
Is 10 a factor of 54423110?
True
Does 381 divide 28211760?
False
Is 59356388 a multiple of 203?
True
Does 573 divide 110068143?
True
Is 2907326 a multiple of 129?
False
Is 960288 a multiple of 14?
True
Does 843 divide 2028049779?
True
Does 229 divide 80095498?
True
Does 106 divide 16988302?
True
Does 20 divide 63815700?
True
Is 17 a factor of 184088897?
False
Does 124 divide 784400483?
False
Is 10645561 a multiple of 379?
False
Is 294 a factor of 3983165879?
False
Does 4713 divide 22862763?
True
Does 26 divide 26573170?
True
Is 137956042 a multiple of 413?
True
Is 636827788 a multiple of 432?
False
Does 2856 divide 170274720?
True
Is 6 a factor of 29713392?
True
Is 18901831 a multiple of 13?
True
Is 4550524 a multiple of 44?
True
Is 20 a factor of 24140220?
True
Is 16 a factor of 18785357?
False
Does 776 divide 784279579?
False
Is 102223520 a multiple of 4280?
True
Does 28 divide 562062452?
True
Is 79 a factor of 3713902?
False
Is 906 a factor of 290881863?
False
Does 77 divide 909957356?
True
Does 72 divide 940660?
False
Does 292 divide 5685180106?
False
Does 251 divide 16012744?
False
Is 11 a factor of 330431816?
True
Does 107 divide 74716630?
False
Is 212109632 a multiple of 32?
True
Is 19 a factor of 55541161?
True
Is 3177235 a multiple of 17?
False
Is 475 a factor of 47629200?
True
Is 29520474 a multiple of 1154?
True
Does 32 divide 296951552?
True
Is 813173993 a multiple of 2011?
True
Is 3830 a factor of 3083835570?
True
Does 28 divide 7401632?
True
Is 170262620 a multiple of 6?
False
Does 297 divide 7517367?
True
Is 11813064 a multiple of 3?
True
Does 2520 divide 5503745520?
True
Does 654 divide 629007890?
False
Is 344 a factor of 205365194?
False
Is 731 a factor of 142705820?
True
Is 1575 a factor of 1748971350?
True
Does 5 divide 370099680?
True
Does 8508 divide 2241262440?
True
Does 233 divide 4195817167?
True
Is 47 a factor of 261033787?
False
Is 180 a factor of 13494420?
True
Is 15673568 a multiple of 32?
True
Is 86675968 a multiple of 1050?
False
Is 418458642 a multiple of 194?
False
Is 230130789 a multiple of 253?
False
Is 1248145971 a multiple of 1871?
True
Is 4487 a factor of 3607190470?
False
Is 430040615 a multiple of 5927?
False
Is 720 a factor of 26764599?
False
Is 405616978 a multiple of 3133?
True
Is 3671492 a multiple of 200?
False
Is 1097 a factor of 58197928?
False
Does 125 divide 1157343500?
True
Is 1802 a factor of 268015064?
True
Is 37821988 a multiple of 54?
False
Is 3113459845 a multiple of 8?
False
Is 25707112 a multiple of 568?
True
Is 6412 a factor of 1792563503?
False
Is 2970 a factor of 86861233?
False
Does 15 divide 113392800?
True
Is 2084060736 a multiple of 5144?
True
Does 4 divide 266115212?
True
Is 867 a factor of 18140241?
True
Is 419212665 a multiple of 135?
True
Is 2997618301 a multiple of 619?
True
Is 1185 a factor of 13254457?
False
Is 551 a factor of 46650532?
False
Does 9 divide 971234289?
True
Does 845 divide 64955150?
True
Is 316148083 a multiple of 2645?
False
Does 32 divide 229187232?
True
Is 28 a factor of 19780488?
True
Is 917 a factor of 85470450?
False
Does 80 divide 501752551?
False
Is 28723702 a multiple of 279?
False
Is 4268 a factor of 193767200?
True
Is 16876515 a multiple of 20?
False
Is 123911366 a multiple of 45?
False
Does 22 divide 132263522?
False
Does 3 divide 34221331?
False
Does 